8). Let h(l) = l**2 + 10*l - 2. Calculate h(r).
-11
Let p be (15/(-6))/(0 + 1/2). Let b(h) = -h**3 - 6*h**2 - 6*h - 3. What is b(p)?
2
Let o = 1536 + -1526. Let w(i) = -2*i + 25. Determine w(o).
5
Suppose 0 = 77*y + 10 - 241. Let c(k) = -3*k**3 + 10*k**2 + k + 1. Give c(y).
13
Let o be ((-9)/12)/((-1)/4). Let r(f) = 8*f**3 - 5*f**o - 4*f**3 + 0 + f**2 + 1. Suppose 0 = -2*j - 3*v + 14, -2*v - 5 = -j - 3*v. Calculate r(j).
1
Let s(n) = -4*n + 13. Let i = 608 - 604. What is s(i)?
-3
Let z(p) be the third derivative of p**4/12 - 4*p**3/3 + 2*p**2. Suppose 12 = 6*x - 0. Suppose -x*t - 1 + 13 = 0. Calculate z(t).
4
Let f(p) = -7*p + 21. Let x(m) = -6*m + 20. Let h be (4 - (17 - 4)) + 1*3. Let g(l) = h*x(l) + 5*f(l). Give g(0).
-15
Let p(j) = -32*j**3 + 12*j + j**2 + 5 + 57*j**3 - 26*j**3 + 0*j**2. Let o(l) = 2*l**3 - 3*l**2 - 25*l - 11. Let a(x) = -6*o(x) - 13*p(x). Give a(-6).
1
Let c(n) = n**3 - 4*n**2 - 5*n + 5. Let u(q) = -q**2 - 7*q + 49. Let h be u(4). Determine c(h).
5
Let w(i) be the second derivative of -i**3/3 - i**2 - i. Suppose -4*p = -37 + 13. Give w(p).
-14
Let s(o) = -30 + o**3 - o**2 + 0*o**2 + 14 - 15. Determine s(0).
-31
Let k = 0 + 0. Let q(f) = f**2 + 18. Let x(z) = -2. Let d(c) = q(c) + 5*x(c). Give d(k).
8
Let l(y) be the second derivative of y**3/3 - 15*y**2/2 + 73*y - 1. Determine l(8).
1
Let w(s) = -s**2 + 10*s - 17. Let l be w(7). Suppose -l*j = 2*q - 50, -4*j = -7*j + 4*q + 21. Let o(y) = y + j + 4 + 0. What is o(-7)?
8
Let c(z) = -z + 9. Suppose 5*m - 17 = -17. Determine c(m).
9
Let p(h) = 3*h - 17. Let f be p(6). Let i(n) be the first derivative of 6*n - f - 1/2*n**2. Calculate i(0).
6
Let n(l) = 5*l**2 + 5*l + 7. Let s(y) = -4*y**2 - 4*y - 6. Let t(b) = -b. Let u = 15 + -11. Let j be t(u). Let d(q) = j*s(q) - 3*n(q). Determine d(-3).
9
Let v(c) = -5*c**2 - 4*c - 3. Suppose -125*h + 94*h = 93. Calculate v(h).
-36
Suppose -30*f + 416 = -17*f. Let z = 29 - f. Let u(c) = 3*c + 4. What is u(z)?
-5
Let a = 1509 + -1505. Let z(j) be the third derivative of 1/8*j**a - 4*j**2 + 0*j + 0 + 0*j**3. Give z(4).
12
Let d(z) = -z**2 + 10*z - 8. Let w(m) = -m**3 + 8*m**2 - 2*m + 1. Let c be w(5). Suppose -10*j + c = j. Calculate d(j).
16
Let n = 1 + 3. Suppose -2*z - n = -3*z, -5*g = 3*z - 7. Let c(v) = 6*v**2. Give c(g).
6
Let v(f) = 6*f**3 - 3*f**2 - 5*f + 10. Let o(i) = 5*i**3 - 2*i**2 - 7*i + 8. Let m(y) = 5*o(y) - 4*v(y). Calculate m(-5).
0
Let a(v) = -3*v**3 - v**2 - 2*v + 1. Let j = -1742 - -1740. Determine a(j).
25
Suppose -16 = 12*s - 8*s. Let n(y) = -y**2 - y + 3. What is n(s)?
-9
Let q(r) = -r + 5. Let x(o) = o - 4. Let k(t) = -3*q(t) - 2*x(t). Suppose -3*g - 2*y = 2*g - 15, -5*g = -3*y - 15. Determine k(g).
-4
Let p(a) = -3*a**2 - 137 + 42 + 16*a + 44 + 48. Calculate p(7).
-38
Let h(q) = q. Suppose p = 4*c - 28, -5*c + p = -12 - 24. Determine h(c).
8
Let t(g) = 1 + 26*g**2 - g - 14*g**2 - 16*g**2 + 3*g. Let j(w) = w**2 - 1. Let h(a) = 5*j(a) + t(a). What is h(-4)?
4
Let s(f) = -f**3 + 13*f**2 + f + 9. Let p(b) = b**3 + 14*b**2 - 2*b - 15. Let r be p(-14). Determine s(r).
22
Let v(z) = 2*z**2 - 11*z. Suppose -2*f + 12 = 2*f, 24 = 2*h + 4*f. Let q be v(h). Let g(u) = -3*u + 6. Give g(q).
-12
Suppose 0 = -2*k - 4*g + 36, 4*k - 17 = -0*k + 3*g. Suppose 2*m - 2*s = -8 - k, m + 4*s - 7 = 0. Let d(a) = -2*a**2 - 6*a + 7. Calculate d(m).
-13
Let u(i) be the first derivative of -16*i**2 - 2*i + 595. Determine u(1).
-34
Let c(t) = -t**2 + 3*t + 14. Let a be c(5). Let q(z) = 0*z**3 - 5 + 9 + z**3 + a*z**2 - 4*z - 2*z. Calculate q(-5).
9
Suppose -16 = -a - 3*a. Let u(m) = -18. Let t(y) = -y - 40. Let k(l) = 3*t(l) - 7*u(l). Calculate k(a).
-6
Let f(m) = -8*m**2 + m. Let i(l) = -9*l**2 + l. Let p(r) = 3*f(r) - 2*i(r). Let t be p(1). Let u(w) = -3*w - 4*w**2 + 7*w - 28*w**3 + 27*w**3 + 1. What is u(t)?
6
Let t be ((-432)/648)/(0 + 1/6). Let p(k) = -k**2 - 2*k + 2. Give p(t).
-6
Let f(a) = 2*a + 345 - 354 - 3*a. Let h(g) = g**3 - 5*g**2 + 2*g. Let u be h(4). Let v = u - -4. Give f(v).
-5
Let m(f) = -f. Let r(x) = x - 4. Let s(t) = 3. Let o(j) = 4*r(j) + 5*s(j). Let c(d) = -3*m(d) - o(d). Give c(-4).
5
Let k(y) = y**2 + y - 9. Suppose 3*d + 19 = -5*j, -6*d + 4*j = -2*d - 28. Suppose 2*z + d*z = 20. Suppose -f = -z*f. Calculate k(f).
-9
Let o(q) be the second derivative of 0 - 1/12*q**4 - 2*q**2 + 14*q + 5/6*q**3. What is o(4)?
0
Let d = 1447 - 1442. Suppose -o - 6 = o, 2*c = -5*o - 15. Let t(w) = -w + c*w + 0*w. Give t(d).
-5
Let a(g) = 2*g**3 + 4*g**2 + 4*g + 2. Let t be -6*2/(-3) + -10 + 6. Suppose -4*w - 8 = 5*b, 4*w + 4*b - 2*b + 8 = t. Determine a(w).
-6
Let o(k) = k**3 + 5*k**2 - 8*k - 9. Let l be 3004/(-10) + (-4)/(-10). Let s be l/45 - 2/(-3). What is o(s)?
3
Let r(m) = m - 1. Let l(w) = 12*w + 3. Let j(v) = l(v) + 4*r(v). Suppose 224 - 233 = 9*n. Calculate j(n).
-17
Let q(b) = 3*b**2 - b. Let f(t) = t**3 - 27*t**2 + 160*t + 35. Let p be f(18). Give q(p).
4
Let z = -34 - -66. Suppose 5*i - 5 = -r + i, -5*r - z = i. Let s = -11 - r. Let t(q) = q - 3. Determine t(s).
-7
Let t = 61 + -41. Let r be (-12)/3*15/t. Let b(a) = a**3 + 3*a**2 + a - 1. Determine b(r).
-4
Let v(q) be the third derivative of q**5/60 + 11*q**4/24 + 5*q**3/6 - 2*q**2 - 16*q. What is v(-9)?
-13
Let v be (-32)/(-6) + (-3)/9. Let i = -3 + 7. Let s = i - v. Let a(h) = -6*h + 1. What is a(s)?
7
Let y = 11 - 8. Let d(j) be the first derivative of j**4/4 - 4*j**3/3 + 4*j - 495. What is d(y)?
-5
Suppose 8*y - 133 = -613. Let k = -69 - y. Let p(u) = -u**3 - 9*u**2 - u - 6. Give p(k).
3
Let r(u) = -2*u + 2. Let w(p) = -p**2 - 11*p + 22. Let a be w(-12). Suppose 3*l = 2*f + 9, a = -f - 0*f - 4*l. What is r(f)?
14
Let u(t) = 3*t + 4. Let l = 625 - 619. Calculate u(l).
22
Let x(j) = -7*j**3 - 3*j**2 + 6*j - 8. Let b(y) = -4*y**3 - y**2 + 3*y - 4. Let m(v) = 5*b(v) - 3*x(v). Let p be 2/10 + 364/(-70). Determine m(p).
-6
Let z(t) = 12 - 2*t + 0 + 3*t. Suppose 0 = -3*h + 2*y + 19, -h - 20 = 4*y - 3. Suppose h*v - v = -12. Give z(v).
6
Let r(g) = -g**2 + 15 - 9*g + 2*g**2 + 19*g - 2*g**2. Calculate r(11).
4
Let t = -508 + 519. Let p(g) = -g**2 + 13*g - 1. What is p(t)?
21
Suppose -8*i + 30 = -3*i. Suppose u + i = 4*u. Suppose -2*q - u = -14. Let z(r) = r**2 - 6*r + 4. What is z(q)?
4
Let p be ((-25)/10)/(19/4 - 5). Let g(x) = x**2 - 10*x + 13. Determine g(p).
13
Let t(i) = -2*i**3 + 16*i**2 + 3*i - 1. Let l(d) = -d**3 + 8*d**2 + 2*d - 1. Let q(j) = j - 12. Let y be q(17). Let u(w) = y*l(w) - 3*t(w). Calculate u(8).
6
Let d = -332 - -334. Let w(z) = -2*z**3 + 4*z**2 - 2*z - 1. Determine w(d).
-5
Let z = -11 + -112. Let p = z + 127. Let k(u) = 3 - 1 - u**3 + 2 + 3*u**2. Calculate k(p).
-12
Let y = 921 - 919. Let v(c) be the second derivative of -c**3 + 1/12*c**4 + c**y + 4*c + 0. What is v(6)?
2
Let l be 84/(-14) - (0/2)/2. Let a(o) = -3*o - 7. Let p(z) = 3*z + 8. Let h(r) = 4*a(r) + 3*p(r). Calculate h(l).
14
Let h(f) = -6*f**2 - 2*f - 1. Let c(m) = 2*m - 2. Let j be c(2). Suppose 0 = -61*o + 63*o + j. Calculate h(o).
-5
Suppose 0 = 3*p + i - 5, -p + 12 = 3*p + 4*i. Suppose 8*g = 7*g + p. Let a(o) = -13*o - 1. Give a(g).
-14
Let d(u) = -5*u + 2. Let y(s) = -9*s + 3. Let j(n) = n**3 - 5*n**2 - n + 1. Let m be j(5). Let b(c) = m*y(c) + 7*d(c). Give b(-5).
-3
Suppose 6 = -5*g - 2*z - 5, -19 = 4*g + 5*z. Let q(t) = -9*t**3 + 9*t. Let b(j) = -5*j**3 + 5*j. Let s(y) = -11*b(y) + 6*q(y). What is s(g)?
0
Let b(o) = -o**3 - o**2 - 2*o - 2. Let y(w) = -2*w**3 - 6*w**2 + 3*w - 6. Let g(v) = -b(v) + y(v). Suppose 0*l + 2*l = 5*x - 7, -l - 5*x = 11. Determine g(l).
2
Let a(l) = 6*l**2 + 2*l - 2. Let v(f) = -2*f**2 - 1. Let r(t) = a(t) + 2*v(t). Give r(3).
20
Let w(y) = 3*y - y - 5*y. Suppose 3*l - 10 = -2*b - 2*l, -5*b - 8 = -4*l. Suppose -4*t + 12*t - 8 = b. Calculate w(t).
-3
Let x(y) = -y - 11. Suppose 0*w - 2*t = -w - 5, -2*w = -2*t. Suppose 23 + 2 = -w*n. Give x(n).
-6
Let s(c) = -4*c - 5. Let u(j) = -8*j - 11. Let q(y) = -5*s(y) + 2*u(y). Calculate q(5).
23
Let f(d) = 2*d**2 - 2*d - 1. Suppose 5*w + k + 31 = -0*k, 2*k = 5*w + 43. Let z be (-7)/w*(4 - 1). Give f(z).
11
Let j(y) = y**2 + 22*y - 138. Let n be j(5). Let o(b) = 15*b + 48. Calculate o(n).
3
Let q(r) = -5*r + 2. Suppose -2*x - 8*x + 30 = 0. What is q(x)?
-13
Let m(t) = -2*t + 5 - t**2 + t + 3. Let q be -5 - 7/(28/(-20)). Ca